 - 4 - 6 - -8?
1
Evaluate 3 + -3 - (4 - (4 + 0)).
0
What is 6 + -3 + (-6 - -2) + 2?
1
What is 4 + -3 - 1 - -3?
3
What is the value of 1 + 0 + -2 + -5 + 6?
0
Calculate -1 + 5 + -4 + -2 + -4.
-6
What is the value of (6 - (5 + 5)) + 2?
-2
Evaluate 0 + -6 + (44 - 43).
-5
Calculate 1 - (-10 + -11 + 20).
2
What is the value of -30 + 36 - (4 + -1 + -1)?
4
What is the value of 2 - 2 - (0 + 0)?
0
What is the value of (-7 - -3) + 6 + 0?
2
Evaluate 1 - ((-3 - -9) + -1).
-4
(3 - 5) + -3 + 3 + 0
-2
What is the value of (-7 - (-6 + -11 - 0)) + -8?
2
What is the value of 4 + -2 + 2 + -5 + -1?
-2
Calculate -4 - ((-2 - (8 + -3)) + -7).
10
What is -2 + -4 - (-9 + -8)?
11
(1 + (3 - 1) - 2) + 3
4
Calculate (4 - -1) + (-4 + -17 - -15).
-1
What is the value of -1 - (1 + -2) - (-20 - -18)?
2
What is the value of -7 - -2 - -4 - -4?
3
5 - -1 - (5 - (-10 + 7))
-2
What is 4 + (-10 - -7) + 1?
2
What is 6 + (-6 - (-4 - -1))?
3
Calculate (-6 - (-1 + -2)) + (4 - 2).
-1
Calculate 1 - (6 + 1 + -3 - 7).
4
Calculate 2 + -3 - (1 - -1 - 0).
-3
What is the value of -3 - (6 - 9 - -9)?
-9
What is -2 + -2 + -1 + 4 + -2?
-3
Calculate 4 + 6 - (-1 + 7).
4
Calculate 0 - -1 - (5 + -4 - -5).
-5
What is the value of -3 - -5 - (6 + -9)?
5
Calculate 1 + 0 + 1 - 2.
0
What is the value of -10 + 16 + -1 + (0 - 1)?
4
(-58 - -59) + -3 + 1
-1
Evaluate (10 - 14) + (2 - -5).
3
What is 15 - (9 - -5) - 6?
-5
-2 - 0 - (16 + -20)
2
What is the value of (3 + (-5 - -8) - 12) + 0?
-6
What is the value of (2 - 2) + (-4 - (-13 - -10))?
-1
(20 - 22 - (2 - 4)) + -5
-5
(-2 - 6) + 6 - (2 + -4)
0
What is the value of (10 - (-2 - -8)) + -8?
-4
-1 + 0 - (2 - (-1 - -1))
-3
Calculate 0 + -2 + 5 + -8.
-5
Evaluate (2 - 0 - (-18 + 10)) + -4.
6
What is -3 + 6 + 7 + -13?
-3
What is the value of 0 + 1 + (6 - 4)?
3
What is the value of (4 - -2) + -1 + -10?
-5
What is the value of -1 - (-6 + (5 - 0))?
0
What is (-31 - -19) + 2 + 10?
0
0 + (0 - ((1 - 1) + -2))
2
What is the value of -1 - (1 + 2 + -1) - -3?
0
Evaluate (-5 - -5) + -2 + -1 + -1.
-4
Evaluate -4 + 3 + -5 + 2.
-4
10 + 0 - (-88 - -91)
7
Calculate 1 + (16 - 8) + -12.
-3
Calculate (-3 - 1) + -29 + 30.
-3
What is -10 - ((-1 - -4) + (-3 - 5))?
-5
Evaluate -3 - (2 - (2 - 2)).
-5
What is the value of -5 + 2 + -4 + 5 + 0?
-2
What is the value of 2 + 8 + (5 - 10)?
5
Evaluate -4 + 3 - (8 - 6).
-3
Evaluate (-1 - -4) + 2 + (-4 - -5).
6
(-5 + 6 + -4 - -2) + 0
-1
Calculate -34 + 27 + (0 - -4).
-3
Evaluate 43 + -47 - (1 + -1).
-4
Evaluate 3 + 2 + -6 + 1 + 4.
4
Calculate -2 - (-6 + (14 - 15)).
5
Calculate 7 + -6 - 3 - (-3 - -1).
0
What is (-10 - (-12 - -6)) + 4?
0
Calculate -2 - -9 - 1 - (1 - -9).
-4
(4 - (14 + -4) - -12) + 0
6
Calculate 4 + (0 - -5) + -7.
2
-11 + 1 + -1 + 8
-3
Evaluate -2 + -4 + (1 - -7).
2
Evaluate (-4 - (2 + -4)) + 1.
-1
What is 1 + 7 + -4 + -1 + 3?
6
What is (-1 - 3) + (-4 - (3 + -7))?
-4
What is (11 + -2 - (5 - 1)) + -3?
2
What is the value of (6 - (2 + -8)) + -12?
0
What is 1 + 1 + 3 + -4?
1
What is -6 - (-14 + 18 - 2)?
-8
Calculate -2 + (-6 - (1 + -11)).
2
Calculate (-5 - -3) + 4 + 2 + -5.
-1
Calculate 2 - 1 - (13 + (-24 - -20)).
-8
What is (0 - 4) + (2 - -1) - 4?
-5
-24 + 21 + (-1 - (-1 + 2))
-5
Calculate -1 + -7 - (-17 + 16).
-7
-4 - (-3 + 0 - (44 - 40))
3
Evaluate -6 + -7 + 8 + 6 - 6.
-5
What is -1 + 6 + (8 + -9 - -4)?
8
What is the value of 9 + -5 + (-4 - -1) + -3?
-2
What is the value of -2 - -10 - (7 - 2 - 2)?
5
What is -2 - ((-5 - 7) + 9)?
1
Calculate -1 - -8 - (-3 - -6) - 6.
-2
What is the value of -1 + -2 - (15 - 23)?
5
Calculate (0 - (-3 + -1)) + (245 - 255).
-6
Evaluate -5 + 1 + (-1 - 9 - -8).
-6
(-8 - -13) + 13 + -23
-5
What is the value of -5 + -4 + 10 + -3 + 1?
-1
What is -5 - (-10 + 9) - (-1 + 0)?
-3
0 + (1 - (3 + 1) - -2)
-1
Evaluate 6 - (4 - -7) - -9.
4
Calculate -2 + 0 - ((5 - 7) + -5).
5
What is the value of (6 + -13 - -12) + -7?
-2
Calculate 19 - (9 - (2 - 0)) - 6.
6
Evaluate 3 - 1 - 4 - (-3 - 0).
1
-13 + 23 + (2 - 7) - 1
4
What is the value of (31 - 14) + -11 + 0 + -11?
-5
What is the value of -5 + (-2 - (-7 + 1 + 5))?
-6
Evaluate 5 - 7 - (0 + 1).
-3
Evaluate 1 + -2 - (-1 - 2).
2
Calculate (20 - 6) + (8 - 13).
9
What is (10 - 7) + 1 + -4?
0
What is the value of (-6 + 5 - -4) + -3?
0
Calculate (1 - 4) + -3 + -1 + 5.
-2
What is the value of (2 - (0 - 1)) + (0 - 6)?
-3
Evaluate 1 + -2 - ((-18 - -7) + 7).
3
What is -8 + 7 + (-1 - 0)?
-2
Calculate -9 + 14 - (1 - -1 - 2).
5
Evaluate -13 + 11 + -1 + 0 + -3.
-6
Evaluate 3 + (-3 - 9 - -5).
-4
What is (2 - (-3 - (0 + -10))) + 2?
-3
What is 0 + 5 + -3 - 5?
-3
Evaluate -3 + (-2 - -9) + -7.
-3
Calculate 4 - (1 - (1 - (1 + 4))).
-1
Calculate 3 - (-3 + 2 + 1 - -2).
1
What is the value of 5 - (8 - (9 - 8))?
-2
What is -4 - (-2 - 3) - 1?
0
30 - 36 - (1 - 2)
-5
What is 7 + (-3 - (5 + -4))?
3
Calculate -9 + (6 - (4 + -2 - 0)).
-5
What is the value of -5 + (6 - (2 + (5 - 4)))?
-2
-4 - ((4 - 8) + 4)
-4
What is (2 + 1 - (1 + -3)) + -5?
0
Calculate -2 + (-7 - -11 - (-1 + 9)).
-6
-5 + (4 + -1 - -2)
0
What is 0 - (-4 - (9 - 10))?
3
Evaluate 3 - 0 - (0 - 1 - -1).
3
What is the value of -4 + 3 - 0 - (0 + -5)?
4
Calculate 17 + -8 + (11 - 13).
7
5 + -1 + 4 - 7
1
Calculate 0 + 7 + -1 + -6 + 6.
6
5 + -2 - (1 + 1 + 1)
0
What is the value of -7 - (1 - 2 - (2 - 1))?
-5
-1 - -2 - (0 - 2) - -1
4
-2 - 1 - (-6 + 3 + -2)
2
0 + 4 + -4 + 5
5
What is the value of -3 + (8 + (-2 - -1) - 5)?
-1
Evaluate -1 + (-6 - (1 - 3 - 0)).
-5
Evaluate (-29 - -25) + (0 - (0 - -1)).
-5
What is -2 + (14 + -12 - (-1 - 1))?
2
What is the value of -2 - (-4 + 0) - 1?
1
What is the value of 20 - (0 + 10) - 8?
2
Evaluate (5 + 6 - -1) + -3 + -2.
7
What is the value of 0 - -5 - (4 + 0)?
1
What is the value of 4 - 2 - (-44 - -49)?
-3
1 + 12 + (-9 - -3) + -9
-2
(-27 - -26) + (-6 - -2) - -3
-2
-1 + 3 - ((2 - 0) + 2)
-2
What is the value of 5 + -13 + 10 + -5?
-3
(6 - -1) + (9 - 12) - 6
-2
Calculate 0 + -5 - -1 - (-2 + 3).
-5
Evaluate 0 + 6 + -15 + 12 + -8.
-5
What is the value of -105 + 101 + (1 - 0 - 1)?
-4
What is (7 - 1) + 5 + -5 + -2?
4
(-11 - (-9 - 6)) + -5 + -1
-2
What is the value of -2 - (2 - (12 + (-3 - 1)))?
4
Calculate 2 - (11 - -6) - -9.
-6
4 - (2 + (-6 - -10))
-2
1 + -6 - (-3 - 5)
3
What is the value of 3 + -3 - (8 - 0)?
-8
Evaluate -2 - (-4 + (1 - 1)).
2
Calculate -1 - 1 - (-26 - -29).
-5
What is the value of 10 - (-6 + 6 - -5)?
5
What is 3 - (7 + (-3 - (0 - 0)))?
-1
What is the value of 6 + -7 + 2 - 4?
-3
What is -11 + 16 + (-2 - 2)?
1
Evaluate 4 + -9 + 1 + 2.
-2
Evaluate -4 + (-2 - -2 - -8).
4
Evaluate 7 + (-7 - (-2 + -3)).
5
Evaluate 3 - (5 + -4 + 0).
2
Evaluate 4 - (2 + 1) - 3.
-2
What is 4 - 7 - 1 - -1?
-3
What is the value of (13 + -3 + -5 - 4) + 7?
8
Evaluate 5 - ((5 - 2) + 0 + 1).
1
Calculate 0 - (2 - 2) - (-2 + 2).
0
What is -8 + (0 + 7 - 2) + 2?
-1
Calculate -1 + -3 + 6 + 2.
4
Evaluate (16 - (7 - 2)) + -7.
4
Calculate (12 - (9 - 9)) + -8.
4
(65 + -59 - (6 - 1)) + 5
6
Calculate (0 - -5) + -1 + (4 - 4).
4
What is the value of -2 + 2 - (10 + (2 - 7))?
-5
What is the value of -3 + 8 + -6 + -5 - -10?
4
(-1 - 2) + 2 + 4
3
Calculate -1 - -9 - (39 - 30).
-1
What is the value of -4 - (4 - 5 - (-3 + 1))?
-5
What is the value of -1 - (4 - -2) - -11?
4
What is the value of -1 + -6 + -6 + 10?
-3
Calculate -25 + 20 - (0 - (-2 + 4)).
-3
Evaluate (-5 - (4 + -6)) + -2.
-5
What is 3 - (0 - -3) - 1?
-1
Calculate (-9 - (-7 + -9)) + -13.
-6
0 - (-2 + 0 - -2 - 3)
3
What is the value of 2 + 0 + -2 - -4 - 7?
-3
Evaluate -4 + -5 + (8 - 3).
-4
What is the value of 0 + 9 + 7 + -8?
8
Calculate (-31 - -32) + (-4 - 1).
-4
0 + 8 + -5 - 6
-3
What is the value of -5 + 0 - (5 - 8)?
-2
What is 17 + -19 + 8 + 0 - 10?
-4
1 + 2 - (-9 - (-10 + -1))
1
What is the value of (4 - 13) + (-5 - -6)?
-8
Evaluate 3 + (-2 - 2) + 2.
1
Calculate 3 + (-11 - -10 - (-1 - -6)).
-3
What is 5 - (8 - -5) - -3?
-5
What is -3 - -4 - (2 + -6)?
5
Calculate 0 + (-2 - (-3 + 4)).
-3
Calculate 3 - (10 + -4) - (3 + -12).
6
What is (-133 - -137) + 0 + (0 - 0)?
4
Evaluate -1 - 0 - (3 - (1 - 3)).
-6
(-12 - -3) + 8 - (4 - 7)
2
7 + -2 - 1 - (-11 - -18)
-3
3 + (-3 + -2 - (-19 + 17))
0
What is 1 + -1 - (-21 + 20)?
1
What is -10 + (1 - (-6 + 4))?
-7
What is the value of 7 + (1 - (11 - 5))?
2
-5 - 2 - (0 - 13)
6
What is (5 - -4) + -21 + 17?
5
What is -7 + 1 + -4 + 8?
-2
62 - 59 - (-2 + 1)
4
Calculate (-3